a3 (base 15) to base 5
-110030003
Convert 120c96 (base 14) to base 13.
187b94
What is -64a3d (base 16) in base 13?
-115824
-30233404 (base 5) to base 14
-64799
What is c7928 (base 13) in base 6?
11413042
10aca34 (base 13) to base 6
302102404
-130133312 (base 4) to base 14
-30778
Convert -1670453 (base 11) to base 15.
-3b1b31
What is -411404311 (base 5) in base 13?
-465a91
Convert 303465100 (base 7) to base 3.
1020100211000101
Convert 7fceb (base 16) to base 2.
1111111110011101011
Convert -2468976 (base 12) to base 15.
-955b4c
What is 50146 (base 12) in base 4?
121113012
What is 3410542 (base 6) in base 16?
2a21e
What is 15cf3 (base 16) in base 15?
1b706
Convert 2b306 (base 14) to base 12.
52336
What is -13225444 (base 6) in base 5?
-103024200
Convert -12110200112 (base 3) to base 15.
-21d78
-731432 (base 11) to base 14
-227750
Convert 116c74 (base 13) to base 4.
1211112313
What is -3113052 (base 6) in base 8?
-444330
What is -74a86 (base 12) in base 10?
-153606
What is 91353 (base 10) in base 12?
44a49
What is -71613 (base 8) in base 15?
-8b6e
What is 1360663 (base 8) in base 5?
44313314
Convert -3d51e2 (base 16) to base 12.
-1419742
Convert -2521423 (base 6) to base 9.
-225356
What is -665607 (base 11) in base 7?
-12010604
What is -32a5ac (base 15) in base 12?
-985290
Convert -c444b (base 15) to base 5.
-124400341
What is -1100350 (base 8) in base 4?
-1020003220
What is 100101100100011101111 (base 2) in base 12?
4b4527
What is 178636 (base 9) in base 15?
22ebc
415944 (base 12) to base 8
3724004
What is -3153363 (base 7) in base 3?
-201110100110
What is 4021103 (base 5) in base 6?
1211503
Convert 1101000111111011 (base 2) to base 3.
2201201221
-21328c (base 13) to base 4
-2331333100
Convert -3012110303 (base 5) to base 13.
-1311691
What is 15453413 (base 8) in base 10?
3561227
What is -2b6e17 (base 15) in base 6?
-112553451
What is -8445747 (base 10) in base 12?
-29b3703
24161561 (base 8) to base 9
10868666
Convert a43866 (base 15) to base 4.
131302110033
What is -11565525 (base 9) in base 4?
-111210021212
What is 45533166 (base 7) in base 12?
13b8279
What is 8e0ad (base 15) in base 12?
199991
Convert 24882d (base 15) to base 13.
493777
What is -35a82a (base 12) in base 10?
-868642
4466021 (base 7) to base 9
1034322
-123149 (base 14) to base 5
-124420044
162083 (base 9) to base 10
99948
Convert -16a3b5 (base 13) to base 3.
-1001201102110
Convert 138256 (base 9) to base 13.
2c784
321004020 (base 5) to base 16
148304
155424545 (base 6) to base 12
1155155
Convert 32222233 (base 4) to base 12.
2a927
What is 710718 (base 15) in base 6?
311015052
Convert 19555 (base 13) to base 3.
2111120001
What is 1244514 (base 7) in base 9?
266810
-7305 (base 12) to base 11
-9464
Convert -27442241 (base 8) to base 13.
-1383cc2
Convert 150326 (base 9) to base 8.
263731
313bf9 (base 16) to base 15
43b07c
What is -4a58e (base 15) in base 3?
-110001210122
Convert 224311141 (base 5) to base 16.
f69fb
Convert 58522 (base 12) to base 8.
346752
What is 7188c7 (base 14) in base 12?
1346767
What is 444c5 (base 13) in base 9?
207822
What is 30010203022 (base 4) in base 12?
108728a
What is -32a30 (base 15) in base 6?
-3241000
Convert 10211010001100 (base 3) to base 6.
111300100
Convert -24350250 (base 6) to base 2.
-10111101100011010110
-2518b7 (base 15) to base 13
-4a2c15
What is 23440211 (base 6) in base 16?
b3bcf
5e09e4 (base 16) to base 11
352a321
Convert 57a47 (base 14) to base 8.
640477
Convert -600704 (base 9) to base 14.
-93477
Convert 403223201 (base 5) to base 9.
3034461
-2303223042 (base 5) to base 3
-100122210000022
Convert -7390 (base 11) to base 14.
-37c7
What is 20571a3 (base 13) in base 14?
1435ba8
What is 21110202202 (base 4) in base 14?
478666
75578 (base 12) to base 15
30c1e
Convert 24423031 (base 7) to base 2.
1000010110110110101011
342043042 (base 5) to base 16
172bba
Convert -6730b (base 14) to base 15.
-4e26d
Convert 103200221 (base 4) to base 7.
451661
Convert 29a8356 (base 13) to base 11.
7563828
Convert -1120100021212 (base 3) to base 11.
-51a210
What is 11101110001101101000 (base 2) in base 13?
282165
What is 58069a (base 11) in base 13?
2642aa
Convert 13d86 (base 15) to base 2.
1111100100111001
Convert -981668 (base 10) to base 9.
-1755532
Convert -17767 (base 15) to base 2.
-10010100010010010
What is -2220d (base 15) in base 3?
-12111210011
175064 (base 9) to base 12
52a87
What is -1114 (base 14) in base 13?
-1467
-13122 (base 16) to base 11
-53763
161460b (base 12) to base 7
53212253
Convert 1de86a (base 16) to base 13.
5381b6
What is -1169807 (base 10) in base 5?
-244413212
What is -848e5 (base 16) in base 3?
-1000120210020
Convert 120311532 (base 7) to base 15.
9c6e30
Convert 41270 (base 9) to base 6.
325530
Convert 101121120001101 (base 3) to base 6.
320520314
-1101101010011011 (base 2) to base 12
-28477
What is -3936444 (base 10) in base 8?
-17010274
Convert a2b10 (base 12) to base 8.
636674
Convert 11022223020 (base 4) to base 9.
2483843
Convert -401b5 (base 13) to base 16.
-1bf81
Convert 24103002 (base 5) to base 15.
45cbc
Convert -6729b7 (base 14) to base 7.
-41530420
What is -13259a9 (base 12) in base 16?
-39bd51
What is 240015111 (base 6) in base 4?
101012011303
What is 4db04b (base 14) in base 9?
5035518
a475849 (base 11) to base 2
1000110011101010001011001
Convert -451601 (base 13) to base 12.
-667b85
Convert -315026a (base 12) to base 10.
-9310834
34014205 (base 6) to base 2
11111011001000111101
Convert -24778 (base 14) to base 15.
-1b6c6
What is 1077011 (base 8) in base 11?
191215
Convert 324430 (base 5) to base 11.
8499
4414231 (base 5) to base 8
224637
Convert -3349801 (base 10) to base 12.
-1156661
Convert 98aa81 (base 13) to base 6.
205010214
What is 22410000 (base 5) in base 6?
4144453
Convert -111012320002 (base 4) to base 15.
-7446e1
What is -101322113211 (base 4) in base 5?
-2200224100
335154 (base 8) to base 11
78104
-177938 (base 10) to base 9
-301068
Convert -2a20b7 (base 15) to base 5.
-1010010142
Convert 3300546 (base 9) to base 4.
12300212031
Convert 46b91 (base 14) to base 7.
1315441
Convert 272c2 (base 15) to base 5.
13004012
144103112 (base 6) to base 7
34311116
What is -13441501 (base 7) in base 13?
-34b979
Convert b744 (base 12) to base 10.
20068
Convert -120121100001121 (base 3) to base 16.
-7e8b1b
Convert -260e5 (base 16) to base 15.
-312bc
Convert -156604 (base 7) to base 6.
-400144
Convert 140102132 (base 7) to base 10.
9076538
Convert bb825 (base 13) to base 9.
567007
Convert -10742c8 (base 15) to base 12.
-3b31082
22248 (base 11) to base 3
1122020000
Convert -53543332 (base 6) to base 15.
-214728
What is -48181 (base 11) in base 6?
-1253222
1100000111110100110 (base 2) to base 8
1407646
-38843 (base 12) to base 15
-17d40
-64623 (base 11) to base 9
-152746
-2111011222 (base 3) to base 12
-24415
Convert -20011012200 (base 3) to base 5.
-12334132
25314a (base 14) to base 13
358b7c
Convert -36107 (base 8) to base 4.
-3301013
30252303 (base 6) to base 2
11010010100010101111
-bdb584 (base 14) to base 12
-21aa914
3699a (base 12) to base 6
1330314
Convert 20100121010 (base 3) to base 2.
11110100010100110
1322232211 (base 4) to base 13
147a69
180d0 (base 14) to base 8
166206
What is 11455006 (base 7) in base 11?
638a54
Convert 892046 (base 10) to base 3.
1200022122202
-7128d2 (base 15) to base 11
-3041351
Convert 226663163 (base 7) to base 14.
1c05933
7c32b2 (base 15) to base 7
101302622
What is -67308 (base 10) in base 3?
-10102022220
1000100001011111 (base 2) to base 12
18253
-2834 (base 15) to base 16
-2197
-63432 (base 13) to base 10
-178674
-5dd46 (base 15) to base 11
-19542a
Convert 152005120 (base 6) to base 15.
42a576
Convert 2b5c47 (base 14) to base 6.
52242531
Convert 7d026 (base 15) to base 7.
3246120
Convert 100030230 (base 4) to base 5.
4110343
Convert 1005454 (base 6) to base 3.
2102201121
What is -416e5a (base 15) in base 13?
-84c3b8
-2635809 (base 10) to base 15
-370ea9
Convert 36526146 (base 7) to base 14.
610acd
What is -20112220222 (base 3) in base 8?
-373722
What is -316065 (base 7) in base 6?
-1102143
-111010110001100001001 (base 2) to base 6
-105140105
3161332 (base 8) to base 15
11a356
2324034 (base 7) to base 5
33320133
What is -1629658 (base 11) in base 4?
-22212230031
3103 (base 8) to b